
Let x be 4/((-12)/(-15)) + -2. Suppose x*w = w. Suppose 2*c = -w*c + m + 46, 4*c + m - 92 = 0. Is 8 a factor of c?
False
Let d = 7 + -4. Let f = 2 + d. Let j = f - -4. Does 9 divide j?
True
Let j(v) be the first derivative of v**3/2 - 2*v**2 - 2*v - 1. Let g(i) be the first derivative of j(i). Is g(5) a multiple of 6?
False
Let m(p) = 6*p**2 + 3*p. Suppose b = 4*b + 21. Let q = b - -5. Is m(q) a multiple of 9?
True
Suppose 227 = 4*n + 2*m + 3*m, 5*n - 3*m = 293. Is 24 a factor of n?
False
Let g = 1 + 1. Suppose -g*r - 211 = -5*a, a - 6*r = -3*r + 37. Is a a multiple of 12?
False
Suppose 2*y - 5*y = 6. Does 6 divide (-13)/((-3 - -4) + y)?
False
Let o be (-64)/(-3) + (-1)/3. Let p = -4 + o. Does 7 divide p?
False
Let q(o) = o**2 - 4*o + 1. Let x be q(-7). Let v = x - 41. Is 19 a factor of v?
False
Let q(w) = w. Let m be q(6). Suppose -3*j = -m*l + 5*l - 50, 46 = 3*j - 2*l. Is 9 a factor of j?
True
Let o be 1 + -2 - (-565)/5. Let q = o + -73. Is 13 a factor of q?
True
Suppose 9*i = 13*i + 324. Does 10 divide (-4842)/i + (-4)/(-18)?
True
Let c(i) = -5*i - 6. Let a be c(-4). Suppose -5*z + 1 = -a. Does 12 divide ((-8)/3)/(z/(-27))?
True
Suppose -3*z + 5 = -4, 5*s = -z + 23. Suppose 5 + 3 = s*f. Is 12 a factor of (16/(-10))/(f/(-25))?
False
Is 13 a factor of 310/4 - 1/(-2)?
True
Let p = -56 - -71. Does 8 divide p?
False
Let k be ((-1)/(-3))/(2/12). Suppose -6*b + 26 = -k*b - 5*a, 5*b - 4*a = 28. Suppose b*h + x - 88 = 5*x, -4*x = -h + 22. Is h a multiple of 14?
False
Suppose 0*t + 205 = 5*t. Let o = -57 + t. Does 13 divide (-232)/(-9) - o/72?
True
Is 8*(-7)/(35/10)*-1 a multiple of 5?
False
Let s(y) = 3*y**3 + 2*y**2 - 3*y - 4. Does 11 divide s(3)?
False
Is 46 + (1 - (6 - 16/4)) a multiple of 5?
True
Suppose 2*k = -a + 5, -k = 5*a - 8 - 8. Suppose 0 = -5*n + a*n - 4. Let v = 14 + n. Does 6 divide v?
True
Let i = -96 - -129. Is i a multiple of 2?
False
Suppose 5*m = 3*u - 30, 3*m - 8*m = -2*u + 30. Let f(v) = v**2. Does 13 divide f(m)?
False
Let p(r) = -2*r**2 - 14*r + 3. Let h be p(-6). Suppose 10*x - h = 7*x. Is x a multiple of 2?
False
Suppose b - 9*b + 688 = 0. Is 7 a factor of b?
False
Let r be (-206)/10 - 2/5. Is r/(-2)*(-2)/(-3) a multiple of 2?
False
Let l(v) = v**2 - 6*v + 3. Let d be (-1)/((-1)/6) - 0. Let c be l(d). Suppose c*t - 36 = 18. Is t a multiple of 9?
True
Suppose -2*f - 1 = 3, -22 = -v - 5*f. Suppose 0 = -4*m - o + 24, -3*o - v = -4*m - 2*o. Is m a multiple of 7?
True
Let n be (-1 - -2)/((-1)/(-3)). Suppose 2*y + 2*p = -22, 2*p = -4*y + n*p - 39. Let o = 21 + y. Is o a multiple of 4?
False
Let v(a) = -44*a + 3. Is 50 a factor of v(-2)?
False
Let y(q) = 28*q**3 - q**2 - 5*q + 6. Does 14 divide y(2)?
False
Suppose -2*k - y = -305, 5*k - 1019 = -3*y - 256. Is k a multiple of 24?
False
Let g be 0 + 6*(-2)/(-4). Suppose 4*c = g*c - 4. Does 16 divide (86/c)/((-1)/2)?
False
Suppose 9*x = 10*x - 197. Is 10 a factor of x?
False
Let a(s) = s**3 - 7*s**2 + 3*s - 4. Let f = 10 + -7. Let b be a(f). Let u = -20 - b. Is u a multiple of 11?
True
Suppose -25*v + 310 = -20*v. Is v a multiple of 10?
False
Let p(b) = -b**3 + 7*b**2 + 3*b + 7. Let a = -6 - -5. Let h be (-2)/2 + (-8)/a. Is 11 a factor of p(h)?
False
Let c(s) = s**2 - 6*s + 8. Let b be c(8). Is 2/((-69)/b - -3) a multiple of 7?
False
Suppose 3*b = u - 2*b + 7, u - 9 = -3*b. Suppose -9 = 2*c - u*c. Is 403/9 - (-2)/c a multiple of 15?
True
Let j be (-414)/(-45) - (-2)/(-10). Is (j/(-15))/(2/(-290)) a multiple of 13?
False
Suppose -i + 81 = 3*j, -7*j = -2*i - 2*j + 195. Is 10 a factor of i?
True
Let m(k) = -5 - 3 + 0 - 8*k - k**2. Is m(-6) a multiple of 4?
True
Does 5 divide (-588)/(-27) + (-8)/(-36)?
False
Suppose -3*l + 8 = -2*l. Does 4 divide l?
True
Let a(c) = -c**3 - 7*c**2 + 3. Let i be a(-7). Suppose w = 1, -m = -0*m - 2*w - i. Is m a multiple of 2?
False
Let d = 67 + -39. Is 15 a factor of d?
False
Does 28 divide (1188/14)/3 + 2/(-7)?
True
Let k = -1 - 4. Let x = 0 - k. Is x even?
False
Suppose -156 = -3*p + 2*q - 20, -5*q - 142 = -3*p. Is p a multiple of 11?
True
Suppose -3*t = -265 - 8. Is t a multiple of 13?
True
Let l be ((-9)/(-6))/((-6)/(-8)). Let m(p) = p**3 - p**2 - 5*p + 7. Let a be m(2). Suppose l*h + 1 = -a, -5*c + 150 = -5*h. Does 10 divide c?
False
Suppose 0 = -2*d - d. Let o(b) = -b**2 - 9*b - 10. Let a be o(-7). Suppose a*y - 1 - 15 = d. Is 3 a factor of y?
False
Let o be (-2 - -32) + 3/(-3). Suppose 0 = -3*k - 2*b + 76, 0*b + o = k - 3*b. Is k a multiple of 14?
False
Let i = 273 + -25. Let r be i/4 + (-3)/1. Suppose -r - 25 = -4*a. Does 9 divide a?
False
Let s(d) be the first derivative of 4*d**3 + 3*d**2/2 + d + 1. Suppose -v = -4*v - 6. Does 15 divide s(v)?
False
Let z(v) = -v**3 + 9*v**2 + 10*v - 8. Is z(8) a multiple of 8?
True
Suppose -75 = -m - 4*m. Suppose 0*k + m = k. Does 9 divide k?
False
Let n = 27 - 11. Is 14 a factor of n?
False
Let g(y) = -2*y + 8. Suppose 12 = -2*i - 4*p, 0 = -4*i - 4*p + 2*p. Let r = -4 - i. Does 11 divide g(r)?
False
Let q = 0 + 0. Suppose q = 2*t - 0 - 4. Suppose 6 = 3*j, -t*j + 26 = 3*g - 2. Does 8 divide g?
True
Suppose u - 3*w = 139, u - 2*w = -4*w + 129. Is u a multiple of 19?
True
Suppose 0 = -47*c + 50*c - 306. Is 17 a factor of c?
True
Let t(y) be the first derivative of y**4/4 + 11*y**3/3 + 4*y**2 - 4*y - 3. Is 16 a factor of t(-10)?
True
Let w(r) = -r**3 - 2*r**2 + 3*r + 5. Let j be w(-4). Suppose -l + 39 = -j. Does 15 divide l?
False
Suppose -2*u = i - 8, 3*u + 4*i - 2 - 5 = 0. Let k = -2 - -27. Suppose k + 25 = u*y. Is y a multiple of 4?
False
Suppose -39 - 72 = -3*o. Is o a multiple of 34?
False
Let s(p) = 3*p - 14. Is s(7) a multiple of 5?
False
Let g(b) = b**3 + 5*b**2 + b - 2. Let p be ((-4)/5)/((-14)/(-35)). Is 3 a factor of g(p)?
False
Suppose 3*a - 4*a = -2. Suppose 0 = -a*g - 4*c + 52, -c + 75 = 3*g + 4*c. Does 20 divide g?
True
Let j be 1*(1 + 0 + 1). Suppose -j*x + 21 = -17. Let u = x + -7. Is u a multiple of 6?
True
Let k = -59 + 133. Is k a multiple of 12?
False
Let j be (-1)/3 + (-66)/18. Let s(l) = 2*l - 4*l - 8 + 2. Is s(j) even?
True
Suppose 2*r - 134 = -16. Does 4 divide r?
False
Let j = 29 + 16. Does 15 divide j?
True
Let r(y) = 38*y**2 - 3*y + 5. Let h be r(2). Let t = h + -91. Does 12 divide t?
True
Let w(j) = j**2 + 24. Is 33 a factor of w(11)?
False
Let t(x) = 22*x + 408. Let a(o) = -9*o - 163. Let p(y) = 12*a(y) + 5*t(y). Does 21 divide p(0)?
True
Let f(y) = 66*y**2 + 2*y + 1. Does 15 divide f(-1)?
False
Suppose -2*x = 3*q - 624, 2*x + 2*x - 618 = -3*q. Is 10 a factor of q?
True
Suppose 2*b + 2*i = 6, 3 = 5*b - i - 0. Is (b + (-16)/1)*-1 a multiple of 6?
False
Suppose -6*n + 2*n = -212. Is 8 a factor of n?
False
Let n be (-2)/3*(0 - 15). Suppose -n - 5 = -3*x. Is x a multiple of 4?
False
Let l(a) = a**3 + 8*a**2 - 12*a - 1. Let n(p) = -2*p**2 - 6*p - 1. Let z be n(-4). Is 13 a factor of l(z)?
True
Suppose 3*y + 12 = -5*m, -m + 0*y - 2*y = 8. Let f be m/(-2*(-3)/6). Suppose f*l - 11 = -l. Is 9 a factor of l?
False
Suppose -a + 15 + 10 = 0. Suppose -a - 10 = -n. Is 2 - (4/2 - n) a multiple of 13?
False
Let g = 43 + 34. Let d = 122 - g. Does 14 divide d?
False
Let h(w) = w**2 + w + 50. Is h(0) a multiple of 25?
True
Suppose 3*o - 357 = 2*d, o - 7*d + 2*d = 119. Is 7 a factor of o?
True
Let r(x) = 15*x. Let i be r(1). Let n = i + 11. Let h = n + -10. Is h a multiple of 14?
False
Let f be 4/(-2)*(-21)/14. Suppose f*y - 260 = -2*y. Is y a multiple of 13?
True
Let t(i) = -i**3 + 2*i**2 - 3*i + 3. Let d be t(2). Let q be (-3 - d) + 0 + 0. Suppose a - 175 = -2*f - 3*f, q = -4*a. Is 12 a factor of f?
False
Let p be ((-5)/2)/(2/(-4)). Is (-4)/p*855/(-18) a multiple of 18?
False
Let a = 40 + -82. Is 5 a factor of a/(-3) - (0 - -3)?
False
Let s(i) = -9*i - 30. Is 8 a factor of s(-6)?
True
Let q = 24 - -11. Let x be (-1 - 0) + 1 + q. Let g = x + -19. Is 16 a factor of g?
True
Let b be (0 - 1)*-2*67. Let j be (3 - (0 - 0)) + b. Suppose 0 = -3*k - v - 45 + j, -20 = -4*v. Is k a multiple of 10?
False
Suppose 6 = -5*u + 21. Suppose u*f - 161 = -44. Is 10 a factor of f?
False
Suppose 7*a - 4*a - 3*l + 57 = 0, 0 = -4*a - 2*l - 106. Let v = a - -52. Does 14 divide v?
True
Let g be (-15 + 1)*(-3)/2. Let p be (-6)/g - (-46)/14. Suppose -2*s = -3*f + 70, -2*f - p*s + 15 = 2*s. Does 10 divide f?
True
Let z = 566 + -